 common factor of 901 and 53.
53
What is the greatest common factor of 1147 and 31?
31
Calculate the highest common factor of 20697 and 3.
3
Calculate the highest common factor of 188 and 517.
47
Calculate the highest common divisor of 715 and 2035.
55
Calculate the greatest common factor of 1501 and 19.
19
What is the greatest common factor of 3612 and 12?
12
What is the greatest common divisor of 170 and 1200?
10
Calculate the highest common factor of 99 and 882.
9
What is the greatest common factor of 16 and 16?
16
Calculate the highest common factor of 9676 and 656.
164
What is the greatest common divisor of 28959 and 394?
197
Calculate the highest common factor of 12 and 57.
3
What is the greatest common factor of 80 and 25?
5
What is the highest common factor of 272 and 238?
34
Calculate the greatest common divisor of 44 and 8162.
22
What is the highest common factor of 37 and 1?
1
Calculate the greatest common factor of 1010 and 70.
10
What is the greatest common divisor of 155 and 134385?
155
Calculate the greatest common factor of 1179 and 207.
9
Calculate the highest common factor of 2494 and 58.
58
What is the highest common divisor of 170 and 190?
10
What is the highest common factor of 300 and 12?
12
Calculate the highest common factor of 26 and 117.
13
Calculate the greatest common divisor of 63 and 98.
7
What is the greatest common factor of 16 and 1024?
16
Calculate the highest common factor of 105 and 2415.
105
Calculate the greatest common divisor of 592 and 8.
8
What is the greatest common factor of 705 and 105?
15
What is the highest common divisor of 684 and 190?
38
Calculate the greatest common divisor of 342 and 90.
18
Calculate the highest common factor of 34 and 2601.
17
What is the greatest common divisor of 880 and 264?
88
What is the greatest common divisor of 30 and 120?
30
What is the highest common factor of 1575 and 441?
63
What is the highest common divisor of 25 and 875?
25
Calculate the greatest common divisor of 4 and 46.
2
What is the highest common factor of 132 and 4686?
66
Calculate the highest common divisor of 580 and 58.
58
What is the highest common factor of 10 and 18?
2
What is the greatest common divisor of 72 and 2196?
36
What is the greatest common divisor of 224 and 14?
14
Calculate the highest common divisor of 48 and 408.
24
Calculate the greatest common divisor of 13 and 3497.
13
Calculate the greatest common factor of 5079 and 12.
3
What is the greatest common divisor of 474 and 6?
6
What is the greatest common factor of 33300 and 50?
50
Calculate the highest common divisor of 2934 and 558.
18
What is the highest common divisor of 442 and 68?
34
Calculate the greatest common factor of 184 and 1564.
92
Calculate the greatest common divisor of 19404 and 735.
147
What is the greatest common divisor of 1202 and 2?
2
Calculate the highest common divisor of 99 and 9680.
11
Calculate the greatest common divisor of 689 and 106.
53
Calculate the greatest common factor of 216 and 72.
72
What is the greatest common factor of 5964 and 168?
84
Calculate the greatest common divisor of 39 and 559.
13
What is the greatest common factor of 41 and 779?
41
Calculate the greatest common divisor of 1026 and 38.
38
Calculate the greatest common factor of 630 and 1995.
105
What is the highest common divisor of 70 and 320?
10
What is the highest common factor of 155 and 341?
31
What is the greatest common divisor of 77 and 18095?
77
What is the highest common divisor of 360 and 72?
72
Calculate the greatest common divisor of 86 and 2408.
86
Calculate the highest common divisor of 295 and 708.
59
What is the greatest common factor of 3213 and 34?
17
What is the greatest common factor of 1064 and 931?
133
What is the greatest common divisor of 340 and 1088?
68
Calculate the highest common factor of 1067 and 97.
97
What is the greatest common divisor of 78 and 26?
26
Calculate the greatest common factor of 561 and 5151.
51
What is the highest common divisor of 476 and 56?
28
What is the greatest common divisor of 85 and 355?
5
Calculate the greatest common factor of 256 and 704.
64
What is the highest common factor of 100 and 8?
4
Calculate the greatest common divisor of 371 and 35.
7
What is the greatest common divisor of 96 and 24?
24
Calculate the greatest common factor of 99 and 143.
11
What is the greatest common factor of 11455 and 145?
145
Calculate the highest common factor of 30 and 890.
10
What is the highest common divisor of 1072 and 16?
16
What is the highest common factor of 2 and 304?
2
Calculate the highest common factor of 155 and 496.
31
Calculate the greatest common divisor of 24412 and 272.
68
What is the highest common divisor of 1001 and 65?
13
What is the greatest common factor of 19 and 589?
19
Calculate the greatest common divisor of 147 and 609.
21
What is the highest common factor of 594 and 189?
27
Calculate the greatest common factor of 24 and 20.
4
Calculate the greatest common factor of 41 and 29110.
41
Calculate the greatest common divisor of 3679 and 65.
13
What is the greatest common factor of 2583 and 42?
21
Calculate the highest common divisor of 585 and 65.
65
What is the greatest common divisor of 540 and 60?
60
What is the greatest common divisor of 1377 and 81?
81
Calculate the greatest common factor of 23 and 11.
1
What is the greatest common factor of 136 and 72?
8
What is the greatest common factor of 2 and 58?
2
What is the highest common divisor of 4725 and 54?
27
What is the highest common divisor of 44 and 121?
11
Calculate the highest common factor of 112 and 128.
16
What is the greatest common factor of 8 and 5848?
8
What is the highest common divisor of 45 and 1845?
45
Calculate the greatest common divisor of 5600 and 448.
224
What is the greatest common divisor of 788 and 4?
4
What is the greatest common divisor of 2431 and 663?
221
Calculate the greatest common divisor of 106 and 22.
2
What is the greatest common divisor of 223 and 2453?
223
Calculate the highest common divisor of 869 and 22.
11
What is the greatest common divisor of 9955 and 110?
55
Calculate the greatest common divisor of 34 and 4.
2
Calculate the highest common factor of 14 and 1694.
14
Calculate the greatest common divisor of 6 and 27.
3
Calculate the highest common divisor of 8 and 104.
8
What is the highest common divisor of 231 and 14223?
33
What is the highest common divisor of 220 and 396?
44
Calculate the highest common factor of 62 and 8494.
62
Calculate the greatest common factor of 10 and 370.
10
What is the greatest common divisor of 46 and 5750?
46
Calculate the greatest common divisor of 72 and 152.
8
Calculate the highest common factor of 12 and 6288.
12
Calculate the greatest common divisor of 1440 and 1248.
96
Calculate the greatest common divisor of 296 and 25308.
148
Calculate the highest common factor of 40 and 3320.
40
What is the greatest common factor of 170 and 80?
10
What is the highest common divisor of 24 and 192?
24
What is the highest common factor of 40 and 7500?
20
What is the highest common factor of 4865 and 70?
35
What is the highest common factor of 1204 and 86?
86
What is the greatest common factor of 1053 and 104?
13
Calculate the highest common factor of 20 and 260.
20
Calculate the greatest common factor of 17 and 11968.
17
Calculate the greatest common factor of 6 and 174.
6
Calculate the greatest common divisor of 3395 and 35.
35
What is the highest common divisor of 1377 and 51?
51
Calculate the highest common divisor of 27 and 384.
3
What is the highest common factor of 25 and 2675?
25
Calculate the greatest common divisor of 1585 and 20.
5
What is the highest common divisor of 23 and 1?
1
Calculate the greatest common factor of 12 and 768.
12
Calculate the highest common divisor of 24 and 5466.
6
What is the highest common divisor of 5 and 2935?
5
What is the greatest common divisor of 987 and 21?
21
What is the highest common factor of 679 and 7?
7
Calculate the highest common divisor of 54 and 234.
18
Calculate the greatest common factor of 9712 and 16.
16
Calculate the greatest common divisor of 235 and 20.
5
Calculate the greatest common factor of 22 and 11.
11
Calculate the greatest common factor of 2773 and 94.
47
What is the greatest common d